hen x is divided by 249.
59
Suppose 8*l - 4*l + 4 = 0, -2*r = -4*l. What is the remainder when (3 - 1 - 4) + 77 is divided by (-292)/(-28) - (r - 10/(-7))?
9
Suppose 14 - 280 = -2*p. What is the remainder when p is divided by 56 - 19 - (0 + (-16)/(-2)) - -6?
28
Let u(a) = 23*a**2 + 42*a - 169. Calculate the remainder when u(-7) is divided by 59.
15
What is the remainder when (-4 - -5)*(71 - -52) is divided by 45?
33
Suppose 5*d = g + 22, 1464*g - 1462*g + 8*d = 64. Calculate the remainder when 6/9 + 980/6 is divided by g.
4
Let z = 1526 - 773. Let f = -535 + z. Calculate the remainder when f is divided by 37.
33
Let a = 291 + -504. Let x = -184 - a. Calculate the remainder when x is divided by 17.
12
Suppose 64*d + 90 = 70*d. Suppose 11*l + 108 = d*l. Calculate the remainder when 71 is divided by l.
17
Let j(m) = -3*m + 68. Let v be j(18). Suppose -2*g = 0, 4*t - 5*g = -g. Calculate the remainder when 34 is divided by (-106)/(-14) + (t - 8/v).
6
Let q = -2739 + 2754. Calculate the remainder when (1/(-1))/((-3)/537) is divided by q.
14
Let t = 20489 - 18786. Calculate the remainder when t is divided by 49.
37
Let j = -67 + 77. Let l(f) = 38*f - 21. Let o be l(7). Suppose 3*w = 5*g - o, 0*g + 5*w + 49 = g. Calculate the remainder when g is divided by j.
9
Calculate the remainder when (-8)/(-6) - (-2112 - (4/(-2))/6) is divided by 92.
89
What is the remainder when 94 is divided by (-705)/(-24) + (-4 - (-2)/16*29)?
7
Let d(q) = -7*q**2 - 22*q - 3. Let k(z) = -9*z**2 - 23*z - 4. Let f(u) = -4*d(u) + 3*k(u). What is the remainder when f(-20) is divided by 16?
4
Let o = -217 + -71. Let f = 299 + o. Calculate the remainder when 163 is divided by f.
9
Let d be (-2 - 0) + (9/9 - -7). Suppose 31 = 2*q - u, d*u - 2*u + 33 = q. Let p = -38 + 74. Calculate the remainder when p is divided by q.
10
Suppose 4*g - 2*m - 20606 - 11812 = 0, 0 = -5*g - 3*m + 40550. Calculate the remainder when g is divided by 159.
157
Let f = 5872 - 5277. Calculate the remainder when f is divided by 160.
115
Let c = 3701 + -3334. Calculate the remainder when c is divided by 36.
7
Calculate the remainder when ((-27)/(-4))/((-1)/(-12)) is divided by (-2628808)/(-58604) - (0 - (-6)/7).
37
Suppose 4*p - 78 = p. Let n = 0 + p. Let h(q) = -17*q - 882. Calculate the remainder when h(-61) is divided by n.
25
Suppose 102*w - 3498 = 113*w. Let c = w - -352. Suppose -2*l + 40 = -k, -3*k = 5*l - 65 - 13. Calculate the remainder when c is divided by l.
16
Suppose 2805 = -h + h + 17*h. Calculate the remainder when 1493 is divided by h.
8
Let b = -105 - -107. Let a be (42/(-175)*-5)/(b/1620). Suppose -2*k + a = 4*k. What is the remainder when k is divided by 41?
39
Let z(g) = 2*g**3 + 4*g**2 + g + 74 - 75 - 8*g. Let k be z(-3). Suppose -5*m = -2*l + l + 27, -k*l + 3*m = -40. What is the remainder when 62 is divided by l?
11
Suppose -383*v + 385*v = 82. Suppose 173 = 4*k - 795. What is the remainder when k is divided by v?
37
What is the remainder when 490 is divided by 23/(69/(-42)) - -492?
12
Let o be (-21)/(-12) - 1/(-4). Suppose -4 = o*y, -i + 3 = 3*y - 4. What is the remainder when (-21)/(-119) - (21626/(-374) + 11) is divided by i?
8
Suppose 3*i = 2*d + 259, -26 = -i + 4*d + 47. What is the remainder when i is divided by 47?
42
Suppose 6*w + 0*w = -42. Let b = w + 31. Calculate the remainder when 1650/b - (-1)/4 is divided by 10.
9
What is the remainder when 5 - (-7)/((-28)/512)*(-805)/70 is divided by 51?
49
Calculate the remainder when 753 is divided by 928/12*(-36)/(-96).
28
Suppose 1383*w - 1253*w - 256750 = 0. What is the remainder when w is divided by 60?
55
Let n(b) = 187*b + 969. What is the remainder when 63 is divided by n(-5)?
29
Suppose -d + 5*d = -3*j - 47, 4*j = -5*d - 64. Let g(i) = -i**2 - 21*i + 14. Let u be g(j). What is the remainder when (1 - 4/(-2)) + 196/u is divided by 7?
3
Let r(k) = 2*k**3 - 44*k**2 + 47*k - 83. What is the remainder when 655 is divided by r(21)?
17
Suppose 430*z + p + 38580 = 432*z, 5*p = -2*z + 38568. What is the remainder when z is divided by 30?
29
Let p = -5979 - -6041. What is the remainder when 1887 is divided by p?
27
Suppose -1353 = -20*w + 6*w + 11*w. Calculate the remainder when w is divided by 439.
12
Suppose -248 + 150 = -10*l + 472. What is the remainder when 209 is divided by l?
38
Let c(v) = -8*v - 33. Let p be c(-4). Let w be p*(-6)/15 - 1554/(-15). Suppose -w*i + 9 = -103*i. Calculate the remainder when 21 is divided by i.
3
Let d be 4/(-12)*-368 + 2/(-3). Let x = -66 + d. What is the remainder when x is divided by 21?
14
Let m = -6528 + 6667. What is the remainder when m is divided by 18?
13
Suppose -4 - 1 = k - 2*x, 2*k + 3*x - 11 = 0. Suppose 2*v - k = v. What is the remainder when (-2 - -5) + (-4)/4 is divided by v?
0
What is the remainder when (1 + 2)/((-93)/(-2046)) is divided by (-2)/(3 - 102/33)?
0
Suppose 4180 + 1209 = 4*n - q, -3*n = 4*q - 4037. What is the remainder when n is divided by 225?
222
Suppose 309 = 47*v - 1063 + 291. Calculate the remainder when 4 - -1*(4 - -102) is divided by v.
18
Let s(b) = -b**3 + 10*b**2 + 71*b - 31. What is the remainder when 251 is divided by s(-6)?
13
Let i = -4463 - -4520. What is the remainder when 1250 is divided by i?
53
Let l be 0 + 2 + 1/((-3)/(-6)). Suppose -1 = m - 4*w - 23, -5*m = -l*w - 46. Suppose 23 = -m*k + 89. Calculate the remainder when 31 is divided by k.
9
Let t(k) = 283*k - 706. What is the remainder when t(9) is divided by 66?
59
Let l(n) = -n + 50. Let o be l(14). Calculate the remainder when 177 is divided by (-2)/3 + 1104/o.
27
Let r be (9 + 1 - 7)*4/3. What is the remainder when 151 is divided by (-130)/6*(r + 87/(-15))?
34
Suppose 5*q + s = 240, -2*q - 2*s = -63 - 41. Let h = q - 47. Suppose h = -2*n + 7 + 85. Calculate the remainder when n is divided by 25.
21
Let u = -61 + 65. Calculate the remainder when -86*(-12)/(-16)*(2 - u) is divided by 65.
64
Let z = -74 - -203. Let b = z + -64. Suppose -4*k + 156 = 4*t, 2*t - 151 = -2*t - 3*k. Calculate the remainder when b is divided by t.
31
Suppose 0 = 3*h + 9, -93 + 38 = -2*n - 5*h. Calculate the remainder when (-537)/(-9) + (-108)/162 is divided by n.
24
Let v = -140 + 125. Let b(s) = -s**2 - 18*s - 26. Let w be b(v). Let i = -14 + w. Calculate the remainder when 17 is divided by i.
2
Let l = -108 - 92. Let j = l + 216. Suppose 0 = 2*f + 3*h + 49 - 188, -3*h = 4*f - 263. What is the remainder when f is divided by j?
14
Let c(z) = 2*z**2 + 19*z + 127. Calculate the remainder when c(-11) is divided by 130/4 + 1/2.
28
Suppose y - 4*z = 64, -3*y - z = 20 - 199. Calculate the remainder when 274 is divided by y.
34
Calculate the remainder when 138 is divided by 26/(-91) + 228/14.
10
Let d = -15 - -32. Let f = d + -10. Suppose -622 = -84*c + 806. Calculate the remainder when c is divided by f.
3
Suppose 0 = 298*c + 2474 - 13500. Let z = -24 - -91. Calculate the remainder when z is divided by c.
30
Suppose -6*k + 1 = -155. Let u = -26 - -38. What is the remainder when (-1)/(3/(-12))*u is divided by k?
22
Let j = 213 - 214. What is the remainder when 21 is divided by (j - 20/(-12) - -2)*6?
5
Let l(o) be the first derivative of -o**4/4 - 7*o**3/3 - 5*o**2 - 5*o - 78. Let s = 230 - 160. Calculate the remainder when s is divided by l(-6).
13
Let o(s) = -s**3 - 22*s**2 + 390*s + 46. Calculate the remainder when o(-34) is divided by 84.
70
Let c(l) = 4*l**2 + 58*l + 625. Calculate the remainder when c(-14) is divided by 121.
113
Let x = -1982 + 2331. Calculate the remainder when x is divided by 9.
7
Suppose 2*g - 154 = -p - 3*p, 2*p = -2*g + 152. Suppose 48*t = 47*t + 536. Let i = t + -523. What is the remainder when g is divided by i?
10
Suppose -v + 3*r + 0*r = 11, 0 = -4*v + 3*r + 1. Suppose -5*o - d = v*d - 150, d - 142 = -5*o. What is the remainder when 43 is divided by o?
15
Suppose 0 = -2*d + 4*m + 508, -80 = -5*d + 5*m + 1175. Suppose -140 = 3*v - d. What is the remainder when 120 is divided by v?
12
Let o(z) = -z**3 + 15*z**2 + 52*z + 56. Calculate the remainder when 5753 is divided by o(18).
13
Calculate the remainder when 240 is divided by (3 - 20 - 0) + 56.
6
Let q(d) = 139*d - 14. Let w be q(2). Suppose -261*l - 27 = -w*l. What is the remainder when 26 is divided by l?
8
Suppose -2*d + 268 + 198 = 2*z, 4*z - 